+ 1. Let j be m(6). What is the greatest common factor of j and k?
25
Let j = 71 - 66. Suppose 0 = 5*g - 2*b - 11, -10 = j*g - 6*g + 3*b. What is the greatest common divisor of 2 and g?
1
Let u = -80 - -97. Let j = 22 - u. Suppose -j*x - 4 = -b - 3*b, 2*b = x + 8. What is the highest common divisor of 54 and b?
6
Suppose -2*y = 3*x - 13, y + 4*x - 2 = 12. Suppose y*c - 17 = -2*d + 23, 0 = -4*d - 3*c + 82. What is the highest common divisor of d and 99?
11
Suppose -11*x + 2*x + 4455 = 0. Suppose -2133 = -12*w + x. What is the greatest common divisor of w and 365?
73
Suppose 2*d - 5*y = 60, -3*d - 37*y + 35*y + 90 = 0. Suppose -2*o - 2 = -8. Let s be (-1)/(o - 38/12). What is the highest common divisor of d and s?
6
Let m = 3847 + -3838. Let q(a) = -a. Let k be q(-4). Let g be (-2 - (4 - k)) + m. Calculate the highest common divisor of 7 and g.
7
Let z(s) = 98*s**2 - 4*s + 4. Let u be z(2). Let d = 690 - u. Suppose 18 = 5*c - d. What is the greatest common factor of 16 and c?
16
Let s(m) = -18*m - 1. Let f(i) = -2*i + 4. Let j be f(3). Let t be s(j). Let h = 2 + t. What is the highest common factor of h and 333?
37
Let z(y) = 139*y + 846. Let v be z(-6). What is the greatest common factor of v and 46?
2
Suppose -19*r + 50*r = -93. Let s be (-2 + -90)*r/12. Suppose 3*c - 2*y + 40 - 389 = 0, -236 = -2*c + 3*y. What is the greatest common divisor of s and c?
23
Let x = 579 + -558. Suppose -x*w + 19*w = j - 1669, -w + 3*j + 817 = 0. What is the greatest common divisor of 64 and w?
64
Let r be 4 + (-12)/((-16)/(-4)). Let d be 33*(r - (2 + 0)). Let i = -19 - d. Calculate the greatest common factor of i and 7.
7
Let r be 6/90 + (-112166)/(-510). Calculate the greatest common divisor of 132 and r.
44
Suppose g = -5, -3*r + 5*r + g - 33 = 0. Let x(m) = 17*m**2 + 13*m - 40. Suppose 11*t - 51 = -18. Let s be x(t). What is the highest common factor of r and s?
19
Suppose 12*z - 11*z = 2*u - 17, -u - 5*z + 14 = 0. Suppose -3*d = 2*d. Suppose 5*q = -d*q + 360. What is the highest common factor of q and u?
9
Suppose 0 = 12*g - 7*g + 830. Let d = 607 + g. Suppose -11*s = -8*s - d. Calculate the greatest common factor of s and 49.
49
Let b be -4 - 6*15/(-6). Let p(j) = -7*j + 53. Let k be p(-5). Calculate the greatest common divisor of k and b.
11
Suppose n + 17 = 24, 0 = f - 9*n + 37. Suppose -385 = -3*s + m - 2*m, 2*m = 2*s - 270. What is the highest common factor of f and s?
26
Let d be 3/(12/20) + -1. Suppose -2*y + g - 32 = -y, d*y + 137 = g. Let h be (-12)/(-3) - 6 - y. Calculate the highest common divisor of 77 and h.
11
Let y(v) = -18*v - 42. Let b be y(-10). Suppose 8*u = 482 - b. What is the highest common divisor of u and 172?
43
Suppose 8*p - 57*p + 160552 = -2*p. Calculate the greatest common divisor of 112 and p.
56
Let c = 39309 - 39019. Suppose 30 = p + 2*p. What is the highest common divisor of p and c?
10
Let g(q) = 41*q**3 + q - 2*q**2 - 26*q**3 - 1 + 2*q. Let t be g(1). Calculate the highest common divisor of 5 and t.
5
Suppose 2*g + 96 = 171 + 125. Let w(n) = -31*n - 2. Let y be w(-2). Calculate the highest common factor of y and g.
20
Suppose -25*u + 21*u = -620. Let d = -142 + u. Suppose i - 11 = -4*p + 41, -2*p + 26 = -5*i. What is the highest common divisor of d and p?
13
Suppose 4*h = -159*g + 163*g + 804, -g = -3. What is the greatest common divisor of 12 and h?
12
Let j(h) = h**2 - 44*h + 439. Let t be j(31). Let o be (3 - 4) + 0 - -17. Suppose 0 = 4*m - 0*m - o. Calculate the highest common factor of m and t.
4
Let z(q) = 79*q + 93. Let j be (130/(-26))/(-1 + 0/2). Let f be z(j). What is the highest common factor of f and 16?
8
Let j = 442 - 290. Suppose 0 = -12*w - 6 + 54. Suppose -j = -w*i - 88. Calculate the greatest common factor of i and 56.
8
Let z(t) = t**3 - 52*t**2 - 162*t - 77. Let j be z(55). Calculate the highest common divisor of j and 231.
11
Let z(p) = -148*p - 2568. Let b be z(-23). What is the highest common divisor of b and 88?
44
Let t(h) = -2*h**3 + 6*h**2 - 5*h + 22. Let o be t(3). What is the highest common factor of o and 5908?
7
Suppose a + 3*a - 3*y = 94, 2*a - y = 48. Suppose 23*l = -4*t + a*l + 110, 3*l + 53 = 2*t. Calculate the highest common factor of t and 308.
28
Let u = -162 - -28. Let x = u + 138. Let o be (9 - x - 5) + 255. Calculate the highest common factor of o and 17.
17
Let n(q) = 240*q**2 + 3*q + 5. Let u be n(-2). Calculate the greatest common factor of u and 14.
7
Let v be (-1)/((-1)/5)*38040/634. Let o be ((-10)/8)/((-1)/48). Calculate the greatest common factor of o and v.
60
Let n be (16 - -56)/8 - (-22 + 1). Calculate the highest common divisor of 1245 and n.
15
Suppose 214*k = -6*m + 216*k + 1396, 3*m - 718 = 5*k. Calculate the greatest common divisor of 546 and m.
21
Let o = -15 + 36. Suppose 5*c + 28*c - 68 - 163 = 0. What is the greatest common divisor of c and o?
7
Suppose -5*d + d + 136 = 0. Let g(c) = c**3 - 54*c**2 - 223*c + 3236. Let h be g(57). What is the greatest common divisor of h and d?
34
Let n = 25001 - 22621. What is the greatest common divisor of 175 and n?
35
Let q = 132 - 128. Suppose -3*w = q - 19. Calculate the highest common factor of 55 and w.
5
Let o(s) = 4*s**2 - 4*s + 10. Let i be o(2). What is the greatest common divisor of 6606 and i?
18
Let n(m) = 95*m**3 - 5*m**2 + 11*m - 22. Let d be n(2). What is the highest common factor of 60 and d?
20
Suppose -j - 16 = -9*j. Let r = 5 - j. Let a be r + -5 + -1 + (-420)/(-2). Calculate the highest common factor of 23 and a.
23
Let k = 201 - 199. Suppose 0 = -3*u + 4*r - 2, -k*u + 22*r = 21*r - 2. Calculate the greatest common divisor of u and 40.
2
Let r(l) = -9*l + 194. Let n be r(21). Suppose -3*m + n*o + 68 = 0, 0*m + 18 = m - 4*o. Calculate the greatest common factor of 13 and m.
13
Let u = -246 - -433. Let c = -89 - -91. Suppose 5 = -z + 4*s + c, -4*s = z - 37. What is the highest common factor of u and z?
17
Suppose 0 = 5*g - 5*b - 1970, 2*g + 58 - 849 = 3*b. Let z = -806 + 829. Calculate the highest common divisor of g and z.
23
Let r(l) = -7*l**3 - 8*l**2 + 20*l + 139. Let s be r(-5). Calculate the highest common divisor of 84 and s.
42
Let m = -24137 - -24139. What is the greatest common factor of m and 1063?
1
Let y = 19934 - 11272. Calculate the highest common factor of 244 and y.
122
Let h(t) = t**3 + 4*t**2 + 2*t + 4. Let v be h(-3). Suppose -4*c + 37 + v = 0. Let f be -3 + -10 - -92 - -9. What is the highest common factor of f and c?
11
Let a(u) be the first derivative of -u**2 - 9*u + 38. Let t be a(-7). Let l(z) = -8*z - 1. Let b be l(-7). What is the highest common divisor of b and t?
5
Suppose -4*d + 4*s + 160 = 0, 4*d + s + 10 = 145. What is the greatest common factor of 50 and d?
5
Let o = 20890 - 20793. What is the greatest common divisor of 10282 and o?
97
Let m = 1786 + -1823. Let k(d) = -d**3 + 4*d**2 + 2*d - 7. Let r be k(5). Let c = r - m. What is the highest common divisor of c and 120?
15
Let d(v) = v**3 + 13*v**2 - 234*v + 48. Let g be d(10). What is the highest common divisor of g and 1336?
8
Let j be (13/(-3))/(32/12 + -3). Suppose -62*k + 36660 = 14898. Calculate the highest common factor of j and k.
13
Let g(k) = -3*k - 12. Let u be g(-18). Let x be u - (0 + -1 + -4). What is the highest common factor of 517 and x?
47
Let i = 215 + -186. Let t be (79 + 8)*((-8)/(-3) + 0). Calculate the highest common divisor of t and i.
29
Suppose -29*j + 559 - 1386 + 5728 = 0. Calculate the greatest common divisor of j and 1664.
13
Let i be (-1 + 2/3)/((-44)/29172). Suppose -7 = -c - 0*a + 3*a, 2*a = 2*c - 22. What is the greatest common divisor of i and c?
13
Suppose 2*l + 8*d - 4 = 3*d, -3*l + 3*d = -48. Suppose g - 5 + 1 = 0. Suppose -g*s + 1955 = 1043. What is the highest common factor of l and s?
12
Let r be (1 + 53)*(9495/2532)/((-2)/(-4)). Calculate the greatest common divisor of 927 and r.
9
Suppose 5*v - 136 + 79 = -2*j, -5*j = 5*v - 105. Let h = -57 - -121. What is the greatest common factor of h and j?
16
Suppose 14 = c + 13. Let y be (-7 + -2)*((-173)/3 - c). Suppose 0*a = 4*a - y. Calculate the highest common divisor of 12 and a.
12
Suppose 4*d = -284 - 208. Let u = -22 - d. Suppose 4*f + 88 = -3*r + 231, -r + u = 3*f. What is the greatest common divisor of 16 and f?
16
Let x = 5096 + 